{"id":111,"date":"2026-04-24T08:57:36","date_gmt":"2026-04-24T06:57:36","guid":{"rendered":"https:\/\/isaia.ict-stage.ch\/?page_id=111"},"modified":"2026-05-01T08:38:12","modified_gmt":"2026-05-01T06:38:12","slug":"reise","status":"publish","type":"page","link":"https:\/\/isaia.ict-stage.ch\/index.php\/reise\/","title":{"rendered":"Reise"},"content":{"rendered":"<div class=\"et_pb_section_0 et_pb_section et_section_regular et_flex_section preset--module--divi-section--me1wnftk7u\">\n<div class=\"et_pb_row_0 et_pb_row et_flex_row\">\n<div class=\"et_pb_column_0 et_pb_column et-last-child et_flex_column et_pb_css_mix_blend_mode_passthrough et_flex_column_24_24 et_flex_column_24_24_tablet et_flex_column_24_24_phone\">\n<div class=\"et_pb_text_0 et_pb_text et_pb_bg_layout_light et_pb_module et_flex_module\"><div class=\"et_pb_text_inner\" data-et-mv-hidden-phone=\"true\"><h1>Ihre Reise<\/h1>\n<h1>leicht gemacht<\/h1>\n<\/div><\/div>\n\n<div class=\"et_pb_gallery_0 et_pb_gallery et_pb_bg_layout_light et_pb_text_align_center et_pb_slider et_pb_gallery_fullwidth clearfix et_pb_module\" data-auto-rotate=\"off\" data-auto-rotate-speed=\"\"><div class=\"et_pb_gallery_items et_post_gallery clearfix\" data-per_page=\"3\"><div class=\"et_pb_gallery_item et_pb_gallery_item_0_0\"><div class=\"et_pb_gallery_image landscape\" data-per_page=\"3\"><a href=\"https:\/\/isaia.ict-stage.ch\/wp-content\/uploads\/2026\/04\/NOR_59_____.jpg\" title=\"NOR_59_____\"><img loading=\"lazy\" decoding=\"async\" width=\"1326\" height=\"884\" src=\"https:\/\/isaia.ict-stage.ch\/wp-content\/uploads\/2026\/04\/NOR_59_____.jpg\" alt=\"\" class=\"wp-image-341\" \/><span class=\"et_overlay\" data-icon=\"\" data-icon-tablet=\"\" data-icon-phone=\"\"><\/span><\/a><\/div><\/div><div class=\"et_pb_gallery_item et_pb_gallery_item_0_1\"><div class=\"et_pb_gallery_image landscape\" data-per_page=\"3\"><a href=\"https:\/\/isaia.ict-stage.ch\/wp-content\/uploads\/2026\/04\/NOR_46______.jpg\" title=\"NOR_46______\"><img loading=\"lazy\" decoding=\"async\" width=\"1327\" height=\"885\" src=\"https:\/\/isaia.ict-stage.ch\/wp-content\/uploads\/2026\/04\/NOR_46______.jpg\" alt=\"\" class=\"wp-image-340\" \/><span class=\"et_overlay\" data-icon=\"\" data-icon-tablet=\"\" data-icon-phone=\"\"><\/span><\/a><\/div><\/div><div class=\"et_pb_gallery_item et_pb_gallery_item_0_2\"><div class=\"et_pb_gallery_image landscape\" data-per_page=\"3\"><a href=\"https:\/\/isaia.ict-stage.ch\/wp-content\/uploads\/2026\/04\/NOR_63_____-1.jpg\" title=\"NOR_63_____\"><img loading=\"lazy\" decoding=\"async\" width=\"1328\" height=\"885\" src=\"https:\/\/isaia.ict-stage.ch\/wp-content\/uploads\/2026\/04\/NOR_63_____-1.jpg\" alt=\"\" class=\"wp-image-343\" \/><span class=\"et_overlay\" data-icon=\"\" data-icon-tablet=\"\" data-icon-phone=\"\"><\/span><\/a><\/div><\/div><\/div><\/div>\n<\/div>\n<\/div>\n<\/div>\n\n<div class=\"et_pb_section_1 et_pb_section et_section_regular et_flex_section preset--module--divi-section--default\">\n<div class=\"et_pb_row_1 et_pb_row et_flex_row\">\n<div class=\"et_pb_column_1 et_pb_column et-last-child et_flex_column et_pb_css_mix_blend_mode_passthrough et_flex_column_24_24 et_flex_column_24_24_tablet et_flex_column_24_24_phone\">\n<div class=\"et_pb_text_1 et_pb_text et_pb_bg_layout_light et_pb_module et_flex_module\"><div class=\"et_pb_text_inner\"><h1 style=\"text-align: center;\">Tauchen Sie ein in Norwegens reiche Kultur<\/h1>\n<p style=\"text-align: center;\">Norwegen begeistert nicht nur mit atemberaubender Natur, sondern auch mit einer tief verwurzelten Kultur, die Tradition und Moderne verbindet. Jede Reise nach Norwegen ist auch eine kulturelle Entdeckungsreise.<\/p>\n<\/div><\/div>\n\n<div class=\"et_pb_text_2 et_pb_text et_pb_bg_layout_light et_pb_module et_flex_module\"><div class=\"et_pb_text_inner\"><p style=\"text-align: center;\">Egal, ob Sie lieber mit dem Flugzeug, der F\u00e4hre oder dem Zug reisen, wir helfen Ihnen, den besten Weg nach Norwegen zu finden. Unser Team steht Ihnen mit Rat und Tat zur Seite, um Ihre Anreise so angenehm wie m\u00f6glich zu gestalten. Mit einer Vielzahl an Direktfl\u00fcgen aus vielen europ\u00e4ischen St\u00e4dten sowie traumhaften Schiffs- und Zugverbindungen ist Norwegen schnell und bequem erreichbar. Geniessen Sie Ihre Reise schon ab dem ersten Moment.<\/p>\n<\/div><\/div>\n<\/div>\n<\/div>\n\n<div class=\"et_pb_row_2 et_pb_row et_flex_row\">\n<div class=\"et_pb_column_2 et_pb_column et-last-child et_flex_column et_pb_css_mix_blend_mode_passthrough et_flex_column_24_24 et_flex_column_24_24_tablet et_flex_column_24_24_phone\">\n<div class=\"et_pb_text_3 et_pb_text et_pb_bg_layout_light et_pb_module et_flex_module\"><div class=\"et_pb_text_inner\"><h1 style=\"text-align: center;\">Wir sind f\u00fcr Sie da<\/h1>\n<p style=\"text-align: center;\">Haben Sie Fragen zu unseren Angeboten oder m\u00f6chten Sie eine Reise buchen? Z\u00f6gern Sie nicht, uns zu kontaktieren. Unser freundliches und kompetentes Team steht Ihnen jederzeit zur Verf\u00fcgung. Egal, ob Sie Hilfe bei der Planung brauchen oder eine individuelle Beratung w\u00fcnschen \u2013 wir freuen uns, von Ihnen zu h\u00f6ren!<\/p>\n<p style=\"text-align: center;\">\n<\/div><\/div>\n<\/div>\n<\/div>\n<\/div>","protected":false},"excerpt":{"rendered":"","protected":false},"author":1,"featured_media":0,"parent":0,"menu_order":0,"comment_status":"closed","ping_status":"closed","template":"","meta":{"footnotes":""},"class_list":["post-111","page","type-page","status-publish","hentry"],"_links":{"self":[{"href":"https:\/\/isaia.ict-stage.ch\/index.php\/wp-json\/wp\/v2\/pages\/111","targetHints":{"allow":["GET"]}}],"collection":[{"href":"https:\/\/isaia.ict-stage.ch\/index.php\/wp-json\/wp\/v2\/pages"}],"about":[{"href":"https:\/\/isaia.ict-stage.ch\/index.php\/wp-json\/wp\/v2\/types\/page"}],"author":[{"embeddable":true,"href":"https:\/\/isaia.ict-stage.ch\/index.php\/wp-json\/wp\/v2\/users\/1"}],"replies":[{"embeddable":true,"href":"https:\/\/isaia.ict-stage.ch\/index.php\/wp-json\/wp\/v2\/comments?post=111"}],"version-history":[{"count":10,"href":"https:\/\/isaia.ict-stage.ch\/index.php\/wp-json\/wp\/v2\/pages\/111\/revisions"}],"predecessor-version":[{"id":453,"href":"https:\/\/isaia.ict-stage.ch\/index.php\/wp-json\/wp\/v2\/pages\/111\/revisions\/453"}],"wp:attachment":[{"href":"https:\/\/isaia.ict-stage.ch\/index.php\/wp-json\/wp\/v2\/media?parent=111"}],"curies":[{"name":"wp","href":"https:\/\/api.w.org\/{rel}","templated":true}]}}